{"id":89,"date":"2020-10-24T14:32:34","date_gmt":"2020-10-24T14:32:34","guid":{"rendered":"https:\/\/poestli-obersaxen.ch\/web\/?page_id=89"},"modified":"2020-10-24T18:44:12","modified_gmt":"2020-10-24T18:44:12","slug":"gegend-2","status":"publish","type":"page","link":"https:\/\/poestli-obersaxen.ch\/web\/gegend-2\/","title":{"rendered":"Gegend"},"content":{"rendered":"\n<p>Obersaxen \u2013 Mundaun, eine Ferienregion f\u00fcr jung und junggebliebene.<\/p>\n\n\n\n<p>29 typische Walser-Weiler, von Axastei, 1000 m \u00fcber Meer und Miraniga, 1430 m \u00fcber Meer. Hier leben Walser und R\u00e4toromanen zusammen.<\/p>\n\n\n\n<p>Im Winter erwarten Sie tolle Ski- und Langl\u00e4uferpisten, Winterwanderwege durch die herrliche Winterlandschaft.<\/p>\n\n\n\n<p>Im Sommer k\u00f6nnen Sie die Bergbahnen mit der G\u00e4stekarte kostenlos nutzen. Die Aussichtspunkte erreichen Sie mit den vielen sch\u00f6nen Wanderwegen.<\/p>\n\n\n\n<p>Die Bushaltestelle, eine Bank mit Geldautomat und Einkaufsm\u00f6glichkeiten finden Sie in n\u00e4chster Umgebung. Der Bus h\u00e4lt direkt vor dem Hause.<\/p>\n\n\n\n<hr class=\"wp-block-separator\"\/>\n\n\n\nngg_shortcode_0_placeholder\n","protected":false},"excerpt":{"rendered":"<p>Obersaxen \u2013 Mundaun, eine Ferienregion f\u00fcr jung und junggebliebene. 29 typische Walser-Weiler, von Axastei, 1000 &#8230; <\/p>\n<div class=\"text-center\"><a class=\"theme-btn\" href=\"https:\/\/poestli-obersaxen.ch\/web\/gegend-2\/\">Read More<\/a><\/div>\n","protected":false},"author":2,"featured_media":0,"parent":0,"menu_order":0,"comment_status":"closed","ping_status":"closed","template":"","meta":{"ngg_post_thumbnail":0,"footnotes":""},"class_list":["post-89","page","type-page","status-publish","hentry"],"_links":{"self":[{"href":"https:\/\/poestli-obersaxen.ch\/web\/wp-json\/wp\/v2\/pages\/89","targetHints":{"allow":["GET"]}}],"collection":[{"href":"https:\/\/poestli-obersaxen.ch\/web\/wp-json\/wp\/v2\/pages"}],"about":[{"href":"https:\/\/poestli-obersaxen.ch\/web\/wp-json\/wp\/v2\/types\/page"}],"author":[{"embeddable":true,"href":"https:\/\/poestli-obersaxen.ch\/web\/wp-json\/wp\/v2\/users\/2"}],"replies":[{"embeddable":true,"href":"https:\/\/poestli-obersaxen.ch\/web\/wp-json\/wp\/v2\/comments?post=89"}],"version-history":[{"count":17,"href":"https:\/\/poestli-obersaxen.ch\/web\/wp-json\/wp\/v2\/pages\/89\/revisions"}],"predecessor-version":[{"id":255,"href":"https:\/\/poestli-obersaxen.ch\/web\/wp-json\/wp\/v2\/pages\/89\/revisions\/255"}],"wp:attachment":[{"href":"https:\/\/poestli-obersaxen.ch\/web\/wp-json\/wp\/v2\/media?parent=89"}],"curies":[{"name":"wp","href":"https:\/\/api.w.org\/{rel}","templated":true}]}}

<p>Obersaxen – Mundaun, eine Ferienregion für jung und junggebliebene.</p>



<p>29 typische Walser-Weiler, von Axastei, 1000 m über Meer und Miraniga, 1430 m über Meer. Hier leben Walser und Rätoromanen zusammen.</p>



<p>Im Winter erwarten Sie tolle Ski- und Langläuferpisten, Winterwanderwege durch die herrliche Winterlandschaft.</p>



<p>Im Sommer können Sie die Bergbahnen mit der Gästekarte kostenlos nutzen. Die Aussichtspunkte erreichen Sie mit den vielen schönen Wanderwegen.</p>



<p>Die Bushaltestelle, eine Bank mit Geldautomat und Einkaufsmöglichkeiten finden Sie in nächster Umgebung. Der Bus hält direkt vor dem Hause.</p>



<hr class="wp-block-separator"/>



ngg_shortcode_0_placeholder

<p>Obersaxen – Mundaun, eine Ferienregion für jung und junggebliebene. 29 typische Walser-Weiler, von Axastei, 1000 &#8230; </p>
<div class="text-center"><a class="theme-btn" href="https://poestli-obersaxen.ch/web/gegend-2/">Read More</a></div>
